d by 12?
2
Calculate the remainder when 2627 is divided by 628.
115
Calculate the remainder when 2370 is divided by 18.
12
What is the remainder when 12076 is divided by 257?
254
Calculate the remainder when 31385 is divided by 86.
81
Calculate the remainder when 23379 is divided by 18.
15
What is the remainder when 17697 is divided by 554?
523
What is the remainder when 80566 is divided by 445?
21
What is the remainder when 4198 is divided by 1393?
19
What is the remainder when 10447 is divided by 874?
833
What is the remainder when 86464 is divided by 609?
595
Calculate the remainder when 1133 is divided by 24.
5
What is the remainder when 7129 is divided by 4343?
2786
What is the remainder when 11868 is divided by 457?
443
Calculate the remainder when 52598 is divided by 50.
48
What is the remainder when 53131 is divided by 492?
487
Calculate the remainder when 25808 is divided by 445.
443
Calculate the remainder when 13220 is divided by 2203.
2
What is the remainder when 10393 is divided by 333?
70
Calculate the remainder when 18310 is divided by 177.
79
What is the remainder when 105888 is divided by 922?
780
What is the remainder when 113568 is divided by 4368?
0
What is the remainder when 97495 is divided by 30?
25
What is the remainder when 36550 is divided by 18270?
10
What is the remainder when 10446 is divided by 20?
6
What is the remainder when 169666 is divided by 9425?
16
Calculate the remainder when 760 is divided by 112.
88
What is the remainder when 26239 is divided by 6555?
19
Calculate the remainder when 1230 is divided by 150.
30
What is the remainder when 206792 is divided by 76?
72
What is the remainder when 4451 is divided by 344?
323
What is the remainder when 8653 is divided by 192?
13
Calculate the remainder when 2523 is divided by 60.
3
What is the remainder when 1787 is divided by 4?
3
Calculate the remainder when 168148 is divided by 9891.
1
What is the remainder when 205347 is divided by 97?
95
What is the remainder when 57388 is divided by 70?
58
Calculate the remainder when 564 is divided by 65.
44
Calculate the remainder when 1921 is divided by 478.
9
What is the remainder when 14066 is divided by 14029?
37
What is the remainder when 175506 is divided by 23?
16
What is the remainder when 2928 is divided by 725?
28
Calculate the remainder when 260 is divided by 71.
47
What is the remainder when 1231 is divided by 502?
227
Calculate the remainder when 462414 is divided by 1003.
31
Calculate the remainder when 14471 is divided by 27.
26
What is the remainder when 10507 is divided by 13?
3
What is the remainder when 686808 is divided by 678?
672
Calculate the remainder when 10171 is divided by 32.
27
What is the remainder when 10827 is divided by 69?
63
Calculate the remainder when 711934 is divided by 128.
126
Calculate the remainder when 284823 is divided by 48.
39
Calculate the remainder when 54972 is divided by 9159.
18
Calculate the remainder when 57790 is divided by 540.
10
What is the remainder when 71057 is divided by 836?
833
Calculate the remainder when 3694053 is divided by 19.
16
Calculate the remainder when 184753 is divided by 21.
16
What is the remainder when 14644 is divided by 2927?
9
What is the remainder when 19608 is divided by 74?
72
Calculate the remainder when 37268 is divided by 43.
30
Calculate the remainder when 8831 is divided by 4382.
67
Calculate the remainder when 385183 is divided by 163.
14
What is the remainder when 25899 is divided by 12921?
57
Calculate the remainder when 96721 is divided by 24.
1
What is the remainder when 62017 is divided by 252?
25
What is the remainder when 22932 is divided by 22918?
14
Calculate the remainder when 351797 is divided by 25.
22
Calculate the remainder when 58796 is divided by 577.
519
Calculate the remainder when 26018 is divided by 4336.
2
Calculate the remainder when 135 is divided by 36.
27
Calculate the remainder when 7160 is divided by 651.
650
What is the remainder when 72565 is divided by 110?
75
Calculate the remainder when 2709 is divided by 606.
285
What is the remainder when 8081 is divided by 124?
21
Calculate the remainder when 75205 is divided by 25053.
46
Calculate the remainder when 2838127 is divided by 147.
145
Calculate the remainder when 1494 is divided by 151.
135
What is the remainder when 165713 is divided by 89?
84
What is the remainder when 954 is divided by 376?
202
What is the remainder when 386107 is divided by 10?
7
What is the remainder when 2988 is divided by 2961?
27
What is the remainder when 223652 is divided by 3150?
2
What is the remainder when 5209 is divided by 227?
215
Calculate the remainder when 24575 is divided by 128.
127
What is the remainder when 8092 is divided by 2674?
70
What is the remainder when 204741 is divided by 114?
111
Calculate the remainder when 10860 is divided by 2643.
288
What is the remainder when 990 is divided by 213?
138
Calculate the remainder when 35185 is divided by 380.
225
Calculate the remainder when 9935 is divided by 334.
249
What is the remainder when 15606 is divided by 14?
10
What is the remainder when 185030 is divided by 229?
227
Calculate the remainder when 1365 is divided by 1346.
19
What is the remainder when 3865 is divided by 927?
157
What is the remainder when 1521 is divided by 447?
180
Calculate the remainder when 321028 is divided by 49.
29
Calculate the remainder when 528487 is divided by 82.
79
Calculate the remainder when 625183 is divided by 56.
55
Calculate the remainder when 5157 is divided by 44.
9
Calculate the remainder when 464236 is divided by 829.
825
Calculate the remainder when 13693 is divided by 78.
43
What is the remainder when 9437 is divided by 9390?
47
Calculate the remainder when 15363127 is divided by 121.
120
What is the remainder when 118924 is divided by 120?
4
Calculate the remainder when 364 is divided by 182.
0
What is the remainder when 248418 is divided by 2535?
2523
Calculate the remainder when 3921 is divided by 256.
81
Calculate the remainder when 224196 is divided by 74728.
12
Calculate the remainder when 20293 is divided by 845.
13
What is the remainder when 401827 is divided by 11?
8
Calculate the remainder when 18083 is divided by 502.
11
Calculate the remainder when 161096 is divided by 53694.
14
Calculate the remainder when 131879 is divided by 102.
95
What is the remainder when 1241 is divided by 599?
43
What is the remainder when 17818 is divided by 83?
56
Calculate the remainder when 39188 is divided by 738.
74
What is the remainder when 4072 is divided by 1810?
452
Calculate the remainder when 4352 is divided by 543.
8
Calculate the remainder when 11242 is divided by 5293.
656
What is the remainder when 7303 is divided by 4?
3
What is the remainder when 1067 is divided by 195?
92
Calculate the remainder when 97633 is divided by 283.
281
What is the remainder when 40186 is divided by 95?
1
Calculate the remainder when 2222 is divided by 759.
704
Calculate the remainder when 37234 is divided by 55.
54
What is the remainder when 9654 is divided by 172?
22
What is the remainder when 199637 is divided by 10?
7
Calculate the remainder when 3071 is divided by 3048.
23
Calculate the remainder when 675 is divided by 180.
135
What is the remainder when 1526 is divided by 341?
162
What is the remainder when 26356 is divided by 190?
136
What is the remainder when 8677 is divided by 655?
162
What is the remainder when 4765 is divided by 366?
7
Calculate the remainder when 5758 is divided by 16.
14
Calculate the remainder when 75518 is divided by 72.
62
What is the remainder when 1316 is divided by 187?
7
What is the remainder when 3438 is divided by 1006?
420
What is the remainder when 28485 is divided by 2371?
33
What is the remainder when 10078 is divided by 3340?
58
What is the remainder when 442006 is divided by 153?
142
Calculate the remainder when 5136 is divided by 42.
12
What is the remainder when 15423 is divided by 55?
23
Calculate the remainder when 4702 is divided by 4685.
17
Calculate the remainder when 2245 is divided by 2245.
0
Calculate the remainder when 2134 is divided by 60.
34
Calculate the remainder when 885565 is divided by 18.
1
What is the remainder when 11043 is divided by 44?
43
Calculate the remaind